te the remainder when 878 is divided by 472.
406
Calculate the remainder when 668 is divided by 33.
8
What is the remainder when 225 is divided by 32?
1
Calculate the remainder when 529 is divided by 38.
35
Calculate the remainder when 97 is divided by 10.
7
What is the remainder when 17293 is divided by 23?
20
Calculate the remainder when 175 is divided by 79.
17
What is the remainder when 154 is divided by 56?
42
Calculate the remainder when 1971 is divided by 19.
14
What is the remainder when 205 is divided by 100?
5
What is the remainder when 11541 is divided by 5769?
3
Calculate the remainder when 5289 is divided by 49.
46
Calculate the remainder when 76 is divided by 37.
2
What is the remainder when 488 is divided by 32?
8
What is the remainder when 674 is divided by 52?
50
What is the remainder when 115 is divided by 25?
15
What is the remainder when 6577 is divided by 94?
91
Calculate the remainder when 16 is divided by 9.
7
What is the remainder when 332 is divided by 37?
36
Calculate the remainder when 2255 is divided by 749.
8
What is the remainder when 545 is divided by 17?
1
What is the remainder when 2364 is divided by 8?
4
What is the remainder when 511 is divided by 11?
5
What is the remainder when 297 is divided by 20?
17
What is the remainder when 364 is divided by 40?
4
Calculate the remainder when 108 is divided by 10.
8
Calculate the remainder when 212 is divided by 12.
8
Calculate the remainder when 1117 is divided by 51.
46
Calculate the remainder when 74 is divided by 23.
5
What is the remainder when 675 is divided by 2?
1
What is the remainder when 30527 is divided by 64?
63
Calculate the remainder when 183 is divided by 34.
13
What is the remainder when 2694 is divided by 135?
129
What is the remainder when 3791 is divided by 140?
11
What is the remainder when 202 is divided by 7?
6
What is the remainder when 1987 is divided by 71?
70
What is the remainder when 1869 is divided by 16?
13
What is the remainder when 199 is divided by 12?
7
What is the remainder when 570 is divided by 204?
162
What is the remainder when 39 is divided by 12?
3
What is the remainder when 54717 is divided by 360?
357
What is the remainder when 216 is divided by 37?
31
Calculate the remainder when 3254 is divided by 21.
20
Calculate the remainder when 357 is divided by 24.
21
Calculate the remainder when 711 is divided by 23.
21
What is the remainder when 16 is divided by 10?
6
What is the remainder when 213 is divided by 20?
13
What is the remainder when 275 is divided by 110?
55
What is the remainder when 347 is divided by 147?
53
What is the remainder when 377 is divided by 27?
26
What is the remainder when 182 is divided by 57?
11
What is the remainder when 132 is divided by 43?
3
Calculate the remainder when 1388 is divided by 54.
38
Calculate the remainder when 237 is divided by 49.
41
Calculate the remainder when 2621 is divided by 145.
11
What is the remainder when 133 is divided by 65?
3
Calculate the remainder when 148 is divided by 90.
58
What is the remainder when 1613 is divided by 176?
29
What is the remainder when 103 is divided by 31?
10
What is the remainder when 454 is divided by 7?
6
Calculate the remainder when 17594 is divided by 23.
22
Calculate the remainder when 379 is divided by 76.
75
What is the remainder when 1239 is divided by 303?
27
Calculate the remainder when 36 is divided by 13.
10
What is the remainder when 672 is divided by 2?
0
Calculate the remainder when 14409 is divided by 4801.
6
What is the remainder when 736 is divided by 39?
34
Calculate the remainder when 679 is divided by 20.
19
What is the remainder when 1989 is divided by 83?
80
Calculate the remainder when 110 is divided by 15.
5
Calculate the remainder when 242 is divided by 2.
0
Calculate the remainder when 316 is divided by 53.
51
What is the remainder when 760 is divided by 108?
4
What is the remainder when 1202 is divided by 237?
17
Calculate the remainder when 224 is divided by 60.
44
What is the remainder when 713 is divided by 102?
101
What is the remainder when 333 is divided by 28?
25
Calculate the remainder when 196 is divided by 25.
21
What is the remainder when 125 is divided by 108?
17
What is the remainder when 226 is divided by 7?
2
Calculate the remainder when 440 is divided by 138.
26
Calculate the remainder when 1386 is divided by 73.
72
Calculate the remainder when 699 is divided by 48.
27
Calculate the remainder when 338 is divided by 18.
14
Calculate the remainder when 92 is divided by 30.
2
What is the remainder when 68 is divided by 26?
16
What is the remainder when 396 is divided by 69?
51
What is the remainder when 195 is divided by 59?
18
What is the remainder when 3905 is divided by 21?
20
Calculate the remainder when 1285 is divided by 129.
124
What is the remainder when 122 is divided by 22?
12
Calculate the remainder when 45 is divided by 16.
13
What is the remainder when 6097 is divided by 71?
62
What is the remainder when 1182 is divided by 27?
21
What is the remainder when 2159 is divided by 12?
11
What is the remainder when 8899 is divided by 54?
43
What is the remainder when 2651 is divided by 45?
41
What is the remainder when 49 is divided by 28?
21
Calculate the remainder when 1581 is divided by 40.
21
Calculate the remainder when 126 is divided by 46.
34
Calculate the remainder when 8412 is divided by 19.
14
What is the remainder when 48 is divided by 14?
6
Calculate the remainder when 55 is divided by 46.
9
What is the remainder when 991 is divided by 252?
235
Calculate the remainder when 65 is divided by 10.
5
Calculate the remainder when 1508 is divided by 372.
20
Calculate the remainder when 1635 is divided by 63.
60
What is the remainder when 604 is divided by 22?
10
Calculate the remainder when 561 is divided by 12.
9
What is the remainder when 204 is divided by 25?
4
Calculate the remainder when 192 is divided by 66.
60
What is the remainder when 2238 is divided by 366?
42
Calculate the remainder when 105 is divided by 23.
13
What is the remainder when 723 is divided by 29?
27
Calculate the remainder when 105 is divided by 36.
33
What is the remainder when 53 is divided by 28?
25
What is the remainder when 1122 is divided by 15?
12
What is the remainder when 933 is divided by 132?
9
Calculate the remainder when 90 is divided by 54.
36
What is the remainder when 419 is divided by 42?
41
What is the remainder when 178 is divided by 102?
76
What is the remainder when 14023 is divided by 31?
11
What is the remainder when 637 is divided by 109?
92
Calculate the remainder when 195 is divided by 4.
3
What is the remainder when 5598 is divided by 28?
26
Calculate the remainder when 156 is divided by 23.
18
Calculate the remainder when 287 is divided by 68.
15
What is the remainder when 154 is divided by 85?
69
Calculate the remainder when 641 is divided by 166.
143
What is the remainder when 2545 is divided by 46?
15
What is the remainder when 234 is divided by 60?
54
Calculate the remainder when 216 is divided by 24.
0
Calculate the remainder when 567 is divided by 3.
0
What is the remainder when 605 is divided by 200?
5
Calculate the remainder when 217 is divided by 101.
15
What is the remainder when 43 is divided by 21?
1
Calculate the remainder when 323 is divided by 166.
157
Calculate the remainder when 41 is divided by 38.
3
What is the remainder when 809 is divided by 29?
26
Calculate the remainder when 413 is divided by 32.
29
Calculate the remainder when 248 is divided by 128.
120
Calculate the remainder when 365 is divided by 37.
32
What is the remainder when 256 is divided by 71?
43
Calculate the remainder when 151 is divided by 6.
1
Calculate the remainder when 74 is divided by 19.
17
What is the remainder when 851 is divided by 198?
59
What is the remainder when 388 is divided by 11?
3
What is the remainder when 205 is divided by 42?
37
Calculate the remainder when 1754 is divided by 148.
126
Calculate the remainder when 4228 is divided by 90.
88
Calculate the remainder when 1387 is divided by 24.
19
Calculate the remainder when 133 is divided by 46.
41
Calculate the remainder when 647 is divided by 48.
23
Calculate the remainder when 16713 is divided by 14.
11
What is the remainder when 7